r) = -r**2 - 23*r + 92. Give c(5).
-48
Let f(h) = -2*h**3 - 22*h**2 - 33*h + 23. Determine f(-9).
-4
Let q(w) = 2*w**3 - 526*w**2 + 12*w - 3159. Calculate q(263).
-3
Let c(d) = 27*d**2 - 114*d + 96. Calculate c(3).
-3
Let b(a) = 208*a - 1240. What is b(6)?
8
Let v(k) = -2*k**3 - 114*k**2 - 1015*k - 150. Calculate v(-46).
-12
Let h(s) = -55*s**2 + 4728*s + 186. Determine h(86).
14
Let u(p) = 27*p**3 + 20*p**2 + 42*p - 15. Calculate u(-3).
-690
Let j(q) = -565*q + 103397. Calculate j(183).
2
Let w(s) = -8*s - 206. Calculate w(-44).
146
Let u(k) = 232*k + 1163. What is u(-5)?
3
Let h(u) = u**3 - 10*u**2 + 23*u - 52. Give h(8).
4
Let v(s) = -3*s**3 - 68*s**2 - 289*s - 7. Determine v(-17).
-7
Let o(p) = p**3 + 8*p**2 + 2*p + 85. Give o(-9).
-14
Let o(a) = -a**3 - 16*a**2 - 17*a - 13. What is o(-15)?
17
Let m(h) = 76*h + 1954. Determine m(-26).
-22
Let r(w) = -8*w + 7. Determine r(-15).
127
Let o(m) = 5*m**3 + 10*m**2 + 5*m - 6. Give o(-1).
-6
Let r(l) = l**3 + 16*l**2 - 53*l + 79. Calculate r(-19).
3
Let w(c) = c**3 - 42*c**2 - 133*c - 89. Calculate w(45).
1
Let n(k) = -k**3 - 3*k**2 + 4*k + 10. Determine n(-6).
94
Let j(d) = -d**3 + 36*d**2 + 34*d + 120. Calculate j(37).
9
Let t(w) = -5*w**3 + 18*w**2 + 16*w - 45. What is t(6)?
-381
Let u(d) = -304*d**2 - 53*d + 2. Give u(2).
-1320
Let h(s) = -6*s**2 + s + 14. What is h(-2)?
-12
Let a(q) = -q**2 - 29*q + 196. What is a(-47)?
-650
Let k(r) = 173*r + 170. Determine k(-1).
-3
Let c(r) = -r**3 + 22*r**2 - 23*r - 229. Give c(22).
-735
Let g(z) = -15*z + 455. What is g(50)?
-295
Let k(j) = j**3 + 4*j**2 - 7*j. Calculate k(0).
0
Let t(k) = 2848*k + 79740. What is t(-28)?
-4
Let s(g) = 2*g + 44. Give s(39).
122
Let p(b) = b**2 + 2*b + 14. Calculate p(-6).
38
Let k(i) = -6*i**3 + 42*i**2 - 9*i - 1. Determine k(7).
-64
Let f(y) = -15*y + 161. Determine f(28).
-259
Let b(p) = 216*p + 5402. Calculate b(-25).
2
Let r(t) = -4*t**2 + 5*t - 54. Calculate r(-6).
-228
Let y(d) = 3*d**3 - 7*d**2 - 374*d - 58. What is y(-10)?
-18
Let g(l) = l**2 - 35*l + 34. What is g(-16)?
850
Let d(j) = j**3 - 54*j - 46. Give d(-7).
-11
Let h(o) = 12*o - 47. Determine h(4).
1
Let q(o) = -21*o**2 - 133*o + 6. Calculate q(-6).
48
Let y(t) = -t**3 + 2*t**2 + 185*t - 1093. What is y(9)?
5
Let q(o) = -331*o - 1710. What is q(-5)?
-55
Let f(q) = 4656*q - 18629. Give f(4).
-5
Let u(o) = 22*o**2 - 189*o + 13. Calculate u(9).
94
Let o(b) = -6*b**3 + 115*b**2 + 372*b + 41. Determine o(22).
-3
Let r(i) = -i**3 + 15*i**2 - 7*i + 42. What is r(15)?
-63
Let r(m) = m**2 + 155*m - 3324. Give r(-174).
-18
Let s(c) = -303*c - 4236. Give s(-14).
6
Let o(p) = 124*p - 1180. Calculate o(16).
804
Let y(k) = -k**2 - 16*k + 261. Give y(-26).
1
Let x(s) = 3*s**3 + 16*s**2 - 4*s - 4. Determine x(-6).
-52
Let d(w) = 108*w + 2920. Calculate d(-27).
4
Let j(t) = 2*t**3 + 72*t**2 + 13*t + 463. Calculate j(-36).
-5
Let l(o) = -o**3 + 6*o**2 + 23*o + 15. Calculate l(-4).
83
Let a(p) = p**2 - 234*p + 5601. What is a(27)?
12
Let n(f) = -f + 62. What is n(-13)?
75
Let b(x) = 433*x + 56. Determine b(-1).
-377
Let c(x) = x**3 - 33*x**2 - 236*x + 172. What is c(39)?
94
Let k(v) = v**2 + 5*v - 757. Give k(-30).
-7
Let z(u) = -71*u - 115. Determine z(-1).
-44
Let x(r) = -29*r**3 + 10*r**2 - 10*r. Calculate x(1).
-29
Let s(z) = -z**3 + 21*z**2 + 29*z - 946. Determine s(21).
-337
Let y(b) = -99*b - 2678. Give y(-27).
-5
Let u(a) = 30*a + 1796. Determine u(-60).
-4
Let v(p) = -p**3 + 9*p**2 + 139*p + 14. Calculate v(-8).
-10
Let o(w) = -25*w - 4485. What is o(-179)?
-10
Let p(o) = o**3 + 34*o**2 + 51*o - 232. Calculate p(-32).
184
Let o(d) = -4*d - 8. Calculate o(-8).
24
Let p(q) = -207*q**2 - 3308*q + 63. What is p(-16)?
-1
Let t(l) = -5*l**2 + l - 22. Calculate t(5).
-142
Let j(g) = 3*g**2 + 165*g + 651. Give j(-4).
39
Let h(v) = -38*v**3 + 20*v**2 + 36*v + 2. Determine h(-2).
314
Let d(q) = -q**3 - 10*q**2 - 2*q - 40. Give d(-10).
-20
Let h(n) = -n**3 + 83*n**2 - 184*n + 1945. Calculate h(81).
163
Let q(d) = 886*d + 3510. Give q(-4).
-34
Let w(v) = 513*v - 4. Give w(0).
-4
Let x(j) = j**3 - 19*j**2 - 22*j - 376. Calculate x(21).
44
Let z(l) = 71*l - 474. Give z(6).
-48
Let b(j) = -j**3 + 140*j**2 - 2298*j - 57. What is b(19)?
-38
Let a(b) = 77*b + 331. Determine a(-4).
23
Let r(q) = -735*q - 615. What is r(-2)?
855
Let v(y) = -32*y**3 + 8*y**2 + 2*y + 1. Determine v(-1).
39
Let j(f) = f**3 + 8*f**2 + 121*f + 436. What is j(-4)?
16
Let y(c) = 8*c**3 + 79*c**2 - 22*c - 119. What is y(-10)?
1
Let b(t) = -241*t + 25779. Calculate b(107).
-8
Let g(a) = -a**3 - 13*a**2 - 35*a - 44. What is g(-10)?
6
Let s(p) = 9*p**2 + 128*p + 22. Give s(-14).
-6
Let g(h) = -9*h**2 - 136*h - 144. Calculate g(-14).
-4
Let n(w) = -w**3 - 3*w**2 + 8*w + 15. What is n(-5)?
25
Let s(d) = 2*d**3 - 24*d**2 - 49*d + 592. Give s(12).
4
Let a(r) = -368*r + 1816. Determine a(5).
-24
Let x(s) = -s**3 - 18*s**2 - 2*s + 49. What is x(-18)?
85
Let g(f) = f + 14. What is g(-20)?
-6
Let l(r) = 289*r + 4328. Give l(-15).
-7
Let d(b) = -2*b**3 + 32*b**2 - 15*b + 14. What is d(15)?
239
Let s(g) = -g**2 - 13*g + 200. What is s(-23)?
-30
Let k(b) = -b**3 - 17*b**2 + 44*b + 88. What is k(-19)?
-26
Let c(w) = w**2 + 15*w - 54. Calculate c(3).
0
Let o(k) = 28*k - 1289. Give o(54).
223
Let c(t) = -t**3 + 70*t**2 - 9*t + 168. Determine c(70).
-462
Let p(z) = 280*z - 553. Calculate p(2).
7
Let g(p) = 44*p**2 + 23*p - 18. Give g(1).
49
Let a(q) = -q**2 - 2413*q + 14508. Determine a(6).
-6
Let z(g) = -289*g - 15605. Calculate z(-54).
1
Let i(t) = 6*t**3 + t**2 - 22*t + 1. Give i(4).
313
Let v(i) = i**3 + 51*i**2 - 103*i + 151. Calculate v(-53).
-8
Let t(l) = -l**2 - 53*l + 560. Calculate t(-62).
2
Let z(j) = -13*j + 16. Calculate z(-19).
263
Let o(h) = h**3 + 104*h + 62. What is o(0)?
62
Let k(j) = -j**3 + 16*j**2 - 40*j + 351. What is k(15)?
-24
Let m(i) = i - 86. Calculate m(-5).
-91
Let u(m) = -2324*m - 14094. What is u(-6)?
-150
Let q(h) = -414*h - 2060. Determine q(-5).
10
Let o(u) = 2187*u - 83105. What is o(38)?
1
Let q(c) = 311*c - 2597. What is q(8)?
-109
Let x(c) = c**2 + 20*c + 24. Calculate x(-20).
24
Let o(z) = -z**3 - 120*z**2 + 3*z + 354. Calculate o(-120).
-6
Let x(a) = -a**3 - 19*a**2 - 57*a - 4. Calculate x(-16).
140
Let v(u) = 39*u**3 + 23*u**2 + 14*u - 1. Calculate v(-1).
-31
Let t(f) = -f**2 + 18*f + 12. Determine t(11).
89
Let v(p) = -615*p + 2370. What is v(4)?
-90
Let n(z) = 5*z**2 - 457*z + 204. Calculate n(91).
22
Let p(f) = -172*f - 2043. Calculate p(-12).
21
Let r(p) = p**3 - 32*p**2 - 6*p + 160. Calculate r(32).
-32
Let z(a) = a**3 + 70*a**2 + 204*a + 4553. Give z(-68).
-71
Let c(o) = -795*o - 3082. Determine c(-4).
98
Let w(g) = 59*g + 5868. What is w(-96)?
204
Let o(d) = -d**3 - 7*d**2 + 2*d + 28. Give o(-6).
-20
Let b(r) = r**2 - 20*r - 186. Calculate b(27).
3
Let o(u) = u**2 + 26*u - 201. Calculate o(7).
30
Let q(k) = -3*k**2 - 111*k + 5729. Calculate q(29).
-13
Let t(z) = -z**3 + 5*z**2 + 60*z - 3. Give t(6).
321
Let v(u) = -u**2 + 13*u - 28. Give v(18).
-118
Let l(h) = h**3 + 37*h**2 - 46*h + 1201. Determine l(-39).
-47
Let x(n) = -4*n**2 + 290*n + 5666. What is x(-16)?
2
Let d(y) = 28*y - 869. Determine d(26).
-141
Let v(w) = w**2 + 101*w + 252. Give v(-89).
-816
Let m(u) = -49*u + 18. Give m(6).
-276
Let o(h) = -4*h**3 - 30*h**2 - 15*h + 18. Determine o(-7).
25
Let k(p) = 2*p**3 - 7*p**2 - 18*p - 10. Calculate k(-2).
-18
Let h(w) = -w**2 - 17*w + 597. Calculate h(19).
-87
Let g(o) = -3*o**2 + 269*o + 5570. Calculate g(107).
6
Let v(h) = -55*h + 8971. Calculate v(163).
6
Let p(q) = -q**2 - 696*q - 44945. What is p(-72)?
-17
Let b(y) = 2*y**2 + 73*y + 47. Determine b(-37).
84
Let i(m) = -m**3 + 40*m**2 - 38*m - 40. Calculate i(39).
-1
Let p(c) = 24*c - 118. What is p(14)?
218
Let r(n) = n**3 - 24*n**2 + 36*n + 166. Calculate r(22).
-10
Let b(u) = 43*u**2 + 7*u - 45. What is b(-6)?
1461
Let o(d) = -d**3 - 8*d**2 + 160*d + 1365. Give o(-9).
6
Let a(k) = -k**2 + 15*k + 26. Calculate a(8).
82
Let j(h) = h**2 + 58*h - 349. Calculate j(-63).
-34
Let r(h) = -445*h + 3126. Give r(7).
11
Let h(l) = -l**2 + 21. Determine h(-8).
-43
Let p(q) = 48*q - 461. Calculate p(11).
67
Let q(p) = 202*p + 12323. Calculate q(-61).
1
Let g(f) = f**3 + 82*f**2 - 415*f - 95. What is g(5)?
5
Let s(a) = a**3 - 15